{"id":548,"date":"2019-11-06T13:54:53","date_gmt":"2019-11-06T15:54:53","guid":{"rendered":"https:\/\/congressoabrisco.com.br\/2021?page_id=548"},"modified":"2021-11-19T11:08:05","modified_gmt":"2021-11-19T14:08:05","slug":"programacao","status":"publish","type":"page","link":"https:\/\/congressoabrisco.com.br\/2021\/conferencia\/programacao\/","title":{"rendered":"Programa\u00e7\u00e3o geral"},"content":{"rendered":"<h3>Dia 22 de novembro<\/h3>\n<table class=\" table\">\n<tbody>\n<tr class=\"highlight-1a\">\n<td>9:00 &#8211; 9:20<\/td>\n<td>Abertura do congresso<\/td>\n<\/tr>\n<tr>\n<td>9:20 &#8211; 9:45<\/td>\n<td>Espa\u00e7o patroc\u00ednios Ouro = DNV e TRIDENT ENERGY<\/p>\n<p>Espa\u00e7o patroc\u00ednio Prata = PETRORIO, USIMINAS, REVISTAS: Petro&amp;Qu\u00edmica, Subsea e Prote\u00e7\u00e3o<\/td>\n<\/tr>\n<tr>\n<td>9:45 &#8211; 10:30<\/td>\n<td><strong>Keynote Speaker<\/strong> &#8211; Raphael Moura (ANP)<\/td>\n<\/tr>\n<tr class=\"highlight-1a\">\n<td>10:30 &#8211; 10:45<\/td>\n<td>Intervalo<\/td>\n<\/tr>\n<tr class=\"highlight-1b\">\n<td>10:45 &#8211; 12:15<\/td>\n<td><strong>Painel 1 &#8211; Gest\u00e3o de Riscos na Pandemia do COVID 19<\/strong><\/p>\n<p>Cristiano Lima, Gerente HSE, Equinor<br \/>\nRodrigo Silveira, Gerente HSOR, Vale<br \/>\nMargareth Dalcolmo, Pesquisadora m\u00e9dica, Fiocruz<\/p>\n<p>Moderador: DNV<\/td>\n<\/tr>\n<tr class=\"highlight-1a\">\n<td>12:15 &#8211; 13:15<\/td>\n<td>Almo\u00e7o<\/td>\n<\/tr>\n<tr>\n<td>13:15 &#8211; 15:15<\/td>\n<td>Sess\u00f5es Apresenta\u00e7\u00e3o de Trabalhos T\u00e9cnicos<\/td>\n<\/tr>\n<tr class=\"highlight-1a\">\n<td>15:15 &#8211; 15:30<\/td>\n<td>Intervalo<\/td>\n<\/tr>\n<tr>\n<td>15:30 &#8211; 17:30<\/td>\n<td>Sess\u00f5es Apresenta\u00e7\u00e3o de Trabalhos T\u00e9cnicos<\/td>\n<\/tr>\n<\/tbody>\n<\/table>\n<h3>Dia 23 de novembro<\/h3>\n<table>\n<tbody>\n<tr>\n<td>8:30 &#8211; 9:00<\/td>\n<td>Palestra de Gamifica\u00e7\u00e3o, Euric\u00e9lio Filho, QSMS-PRO<\/td>\n<\/tr>\n<tr class=\"highlight-2b\">\n<td>9:00 &#8211; 10:30<\/td>\n<td><strong>Painel 2 &#8211; Cyberseguran\u00e7a na Industria de Processo<\/strong><\/p>\n<p>Keon McEwen, Senior Cybersecurity Eng., ABS Group<br \/>\nMarcia Tosta, Gerente Executiva TI, Petrobras<br \/>\nMarcello Zilo Neto, Diretor para Seguran\u00e7a Cibern\u00e9tica, Microsoft Brasil<\/p>\n<p>Moderador: TRIDENT ENERGY<\/td>\n<\/tr>\n<tr class=\"highlight-2a\">\n<td>10:30 &#8211; 10:45<\/td>\n<td>Intervalo<\/td>\n<\/tr>\n<tr>\n<td>10:45 &#8211; 11:30<\/td>\n<td><strong>Keynote Speaker<\/strong> &#8211; Mohammad Modarres (University of Maryland)<\/td>\n<\/tr>\n<tr>\n<td>11:30 &#8211; 12:30<\/td>\n<td>Sess\u00f5es de Apresenta\u00e7\u00e3o de Trabalhos T\u00e9cnicos<\/td>\n<\/tr>\n<tr class=\"highlight-2a\">\n<td>12:30 &#8211; 13:30<\/td>\n<td>Almo\u00e7o<\/td>\n<\/tr>\n<tr>\n<td>13:30 &#8211; 15:00<\/td>\n<td>Sess\u00f5es Apresenta\u00e7\u00e3o de Trabalhos T\u00e9cnicos<\/td>\n<\/tr>\n<tr class=\"highlight-2a\">\n<td>15:00 &#8211; 15:15<\/td>\n<td>Intervalo<\/td>\n<\/tr>\n<tr>\n<td>15:15 &#8211; 17:15<\/td>\n<td>Sess\u00f5es Apresenta\u00e7\u00e3o de Trabalhos T\u00e9cnicos<\/td>\n<\/tr>\n<\/tbody>\n<\/table>\n<h3>Dia 24 de novembro<\/h3>\n<table>\n<tbody>\n<tr>\n<td>08:30 &#8211; 09:30<\/td>\n<td>Sess\u00f5es de Apresenta\u00e7\u00e3o de Trabalhos T\u00e9cnicos<\/td>\n<\/tr>\n<tr>\n<td>09:30 &#8211; 10:15<\/td>\n<td><strong>Keynote Speaker<\/strong> &#8211; Diego Galar (Lule\u00e5 University of Technology)<\/td>\n<\/tr>\n<tr class=\"highlight-3a\">\n<td>10:15 &#8211; 10:30<\/td>\n<td>Intervalo<\/td>\n<\/tr>\n<tr class=\"highlight-3b\">\n<td>10:30 &#8211; 12:00<\/td>\n<td><strong>Painel 3 &#8211; Riscos das Mudan\u00e7as Clim\u00e1ticas<\/strong><\/p>\n<p>Andr\u00e9 Lucena, Prof. Coppe Grupo de Riscos Ambientais, UFRJ<br \/>\nAsuncion Lera St. Clair, Diretor Digital Assurance RC, DNV<br \/>\nFabio Alperovich, CEO, FAMA Investimentos<\/p>\n<p>Moderador convidado: Jorge Peron, FIRJAN<\/td>\n<\/tr>\n<tr class=\"highlight-3a\">\n<td>12:00 &#8211; 13:00<\/td>\n<td>Almo\u00e7o<\/td>\n<\/tr>\n<tr>\n<td>13:00 &#8211; 15:00<\/td>\n<td>Sess\u00f5es de Apresenta\u00e7\u00e3o de Trabalhos T\u00e9cnicos<\/td>\n<\/tr>\n<tr class=\"highlight-3a\">\n<td>15:00 &#8211; 15:15<\/td>\n<td>Intervalo<\/td>\n<\/tr>\n<tr>\n<td>15:15 &#8211; 16:45<\/td>\n<td>Sess\u00f5es de Apresenta\u00e7\u00e3o de Trabalhos T\u00e9cnicos<\/td>\n<\/tr>\n<\/tbody>\n<\/table>\n<p style=\"font-weight: 400;\">\n","protected":false},"excerpt":{"rendered":"<p><span class=\"excerpt-hellip\"> [\u2026]<\/span><\/p>\n","protected":false},"author":1,"featured_media":0,"parent":151,"menu_order":0,"comment_status":"closed","ping_status":"closed","template":"","meta":[],"yoast_head":"<!-- This site is optimized with the Yoast SEO plugin v20.3 - https:\/\/yoast.com\/wordpress\/plugins\/seo\/ -->\n<title>Programa\u00e7\u00e3o geral - Congresso ABRISCO<\/title>\n<meta name=\"robots\" content=\"index, follow, max-snippet:-1, max-image-preview:large, max-video-preview:-1\" \/>\n<link rel=\"canonical\" href=\"https:\/\/congressoabrisco.com.br\/2021\/conferencia\/programacao\/\" \/>\n<meta property=\"og:locale\" content=\"pt_BR\" \/>\n<meta property=\"og:type\" content=\"article\" \/>\n<meta property=\"og:title\" content=\"Programa\u00e7\u00e3o geral - Congresso ABRISCO\" \/>\n<meta property=\"og:description\" content=\"[\u2026]\" \/>\n<meta property=\"og:url\" content=\"https:\/\/congressoabrisco.com.br\/2021\/conferencia\/programacao\/\" \/>\n<meta property=\"og:site_name\" content=\"Congresso ABRISCO\" \/>\n<meta property=\"article:modified_time\" content=\"2021-11-19T14:08:05+00:00\" \/>\n<meta name=\"twitter:card\" content=\"summary_large_image\" \/>\n<meta name=\"twitter:label1\" content=\"Est. tempo de leitura\" \/>\n\t<meta name=\"twitter:data1\" content=\"2 minutos\" \/>\n<script type=\"application\/ld+json\" class=\"yoast-schema-graph\">{\"@context\":\"https:\/\/schema.org\",\"@graph\":[{\"@type\":\"WebPage\",\"@id\":\"https:\/\/congressoabrisco.com.br\/2021\/conferencia\/programacao\/\",\"url\":\"https:\/\/congressoabrisco.com.br\/2021\/conferencia\/programacao\/\",\"name\":\"Programa\u00e7\u00e3o geral - Congresso ABRISCO\",\"isPartOf\":{\"@id\":\"https:\/\/congressoabrisco.com.br\/2021\/#website\"},\"datePublished\":\"2019-11-06T15:54:53+00:00\",\"dateModified\":\"2021-11-19T14:08:05+00:00\",\"breadcrumb\":{\"@id\":\"https:\/\/congressoabrisco.com.br\/2021\/conferencia\/programacao\/#breadcrumb\"},\"inLanguage\":\"pt-BR\",\"potentialAction\":[{\"@type\":\"ReadAction\",\"target\":[\"https:\/\/congressoabrisco.com.br\/2021\/conferencia\/programacao\/\"]}]},{\"@type\":\"BreadcrumbList\",\"@id\":\"https:\/\/congressoabrisco.com.br\/2021\/conferencia\/programacao\/#breadcrumb\",\"itemListElement\":[{\"@type\":\"ListItem\",\"position\":1,\"name\":\"In\u00edcio\",\"item\":\"https:\/\/congressoabrisco.com.br\/2021\/\"},{\"@type\":\"ListItem\",\"position\":2,\"name\":\"Confer\u00eancia\",\"item\":\"https:\/\/congressoabrisco.com.br\/2021\/conferencia\/\"},{\"@type\":\"ListItem\",\"position\":3,\"name\":\"Programa\u00e7\u00e3o geral\"}]},{\"@type\":\"WebSite\",\"@id\":\"https:\/\/congressoabrisco.com.br\/2021\/#website\",\"url\":\"https:\/\/congressoabrisco.com.br\/2021\/\",\"name\":\"Congresso ABRISCO\",\"description\":\"\",\"publisher\":{\"@id\":\"https:\/\/congressoabrisco.com.br\/2021\/#organization\"},\"potentialAction\":[{\"@type\":\"SearchAction\",\"target\":{\"@type\":\"EntryPoint\",\"urlTemplate\":\"https:\/\/congressoabrisco.com.br\/2021\/?s={search_term_string}\"},\"query-input\":\"required name=search_term_string\"}],\"inLanguage\":\"pt-BR\"},{\"@type\":\"Organization\",\"@id\":\"https:\/\/congressoabrisco.com.br\/2021\/#organization\",\"name\":\"Congresso ABRISCO\",\"url\":\"https:\/\/congressoabrisco.com.br\/2021\/\",\"logo\":{\"@type\":\"ImageObject\",\"inLanguage\":\"pt-BR\",\"@id\":\"https:\/\/congressoabrisco.com.br\/2021\/#\/schema\/logo\/image\/\",\"url\":\"https:\/\/congressoabrisco.com.br\/2021\/src\/uploads\/2019\/03\/logo-retina.png\",\"contentUrl\":\"https:\/\/congressoabrisco.com.br\/2021\/src\/uploads\/2019\/03\/logo-retina.png\",\"width\":285,\"height\":108,\"caption\":\"Congresso ABRISCO\"},\"image\":{\"@id\":\"https:\/\/congressoabrisco.com.br\/2021\/#\/schema\/logo\/image\/\"}}]}<\/script>\n<!-- \/ Yoast SEO plugin. -->","yoast_head_json":{"title":"Programa\u00e7\u00e3o geral - Congresso ABRISCO","robots":{"index":"index","follow":"follow","max-snippet":"max-snippet:-1","max-image-preview":"max-image-preview:large","max-video-preview":"max-video-preview:-1"},"canonical":"https:\/\/congressoabrisco.com.br\/2021\/conferencia\/programacao\/","og_locale":"pt_BR","og_type":"article","og_title":"Programa\u00e7\u00e3o geral - Congresso ABRISCO","og_description":"[\u2026]","og_url":"https:\/\/congressoabrisco.com.br\/2021\/conferencia\/programacao\/","og_site_name":"Congresso ABRISCO","article_modified_time":"2021-11-19T14:08:05+00:00","twitter_card":"summary_large_image","twitter_misc":{"Est. tempo de leitura":"2 minutos"},"schema":{"@context":"https:\/\/schema.org","@graph":[{"@type":"WebPage","@id":"https:\/\/congressoabrisco.com.br\/2021\/conferencia\/programacao\/","url":"https:\/\/congressoabrisco.com.br\/2021\/conferencia\/programacao\/","name":"Programa\u00e7\u00e3o geral - Congresso ABRISCO","isPartOf":{"@id":"https:\/\/congressoabrisco.com.br\/2021\/#website"},"datePublished":"2019-11-06T15:54:53+00:00","dateModified":"2021-11-19T14:08:05+00:00","breadcrumb":{"@id":"https:\/\/congressoabrisco.com.br\/2021\/conferencia\/programacao\/#breadcrumb"},"inLanguage":"pt-BR","potentialAction":[{"@type":"ReadAction","target":["https:\/\/congressoabrisco.com.br\/2021\/conferencia\/programacao\/"]}]},{"@type":"BreadcrumbList","@id":"https:\/\/congressoabrisco.com.br\/2021\/conferencia\/programacao\/#breadcrumb","itemListElement":[{"@type":"ListItem","position":1,"name":"In\u00edcio","item":"https:\/\/congressoabrisco.com.br\/2021\/"},{"@type":"ListItem","position":2,"name":"Confer\u00eancia","item":"https:\/\/congressoabrisco.com.br\/2021\/conferencia\/"},{"@type":"ListItem","position":3,"name":"Programa\u00e7\u00e3o geral"}]},{"@type":"WebSite","@id":"https:\/\/congressoabrisco.com.br\/2021\/#website","url":"https:\/\/congressoabrisco.com.br\/2021\/","name":"Congresso ABRISCO","description":"","publisher":{"@id":"https:\/\/congressoabrisco.com.br\/2021\/#organization"},"potentialAction":[{"@type":"SearchAction","target":{"@type":"EntryPoint","urlTemplate":"https:\/\/congressoabrisco.com.br\/2021\/?s={search_term_string}"},"query-input":"required name=search_term_string"}],"inLanguage":"pt-BR"},{"@type":"Organization","@id":"https:\/\/congressoabrisco.com.br\/2021\/#organization","name":"Congresso ABRISCO","url":"https:\/\/congressoabrisco.com.br\/2021\/","logo":{"@type":"ImageObject","inLanguage":"pt-BR","@id":"https:\/\/congressoabrisco.com.br\/2021\/#\/schema\/logo\/image\/","url":"https:\/\/congressoabrisco.com.br\/2021\/src\/uploads\/2019\/03\/logo-retina.png","contentUrl":"https:\/\/congressoabrisco.com.br\/2021\/src\/uploads\/2019\/03\/logo-retina.png","width":285,"height":108,"caption":"Congresso ABRISCO"},"image":{"@id":"https:\/\/congressoabrisco.com.br\/2021\/#\/schema\/logo\/image\/"}}]}},"_links":{"self":[{"href":"https:\/\/congressoabrisco.com.br\/2021\/wp-json\/wp\/v2\/pages\/548"}],"collection":[{"href":"https:\/\/congressoabrisco.com.br\/2021\/wp-json\/wp\/v2\/pages"}],"about":[{"href":"https:\/\/congressoabrisco.com.br\/2021\/wp-json\/wp\/v2\/types\/page"}],"author":[{"embeddable":true,"href":"https:\/\/congressoabrisco.com.br\/2021\/wp-json\/wp\/v2\/users\/1"}],"replies":[{"embeddable":true,"href":"https:\/\/congressoabrisco.com.br\/2021\/wp-json\/wp\/v2\/comments?post=548"}],"version-history":[{"count":0,"href":"https:\/\/congressoabrisco.com.br\/2021\/wp-json\/wp\/v2\/pages\/548\/revisions"}],"up":[{"embeddable":true,"href":"https:\/\/congressoabrisco.com.br\/2021\/wp-json\/wp\/v2\/pages\/151"}],"wp:attachment":[{"href":"https:\/\/congressoabrisco.com.br\/2021\/wp-json\/wp\/v2\/media?parent=548"}],"curies":[{"name":"wp","href":"https:\/\/api.w.org\/{rel}","templated":true}]}}